{"id":877,"date":"2025-02-02T11:25:51","date_gmt":"2025-02-02T16:25:51","guid":{"rendered":"https:\/\/conpension.org\/?page_id=877"},"modified":"2025-02-02T14:02:21","modified_gmt":"2025-02-02T19:02:21","slug":"reforma-pensional","status":"publish","type":"page","link":"https:\/\/conpension.org\/index.php\/reforma-pensional\/","title":{"rendered":"Reforma pensional"},"content":{"rendered":"\n<p class=\"has-medium-font-size\">Antes del 1 de julio de 2025 debemos revisar nuestra historia laboral para determinar si nos cobija la transici\u00f3n prevista en la reforma pensional, es decir si continuamos cobijados por el r\u00e9gimen establecido en la ley 100 de 1993, que prev\u00e9 mejores pensiones para los afiliados de altos ingresos en Colpensiones (Quienes cotizan hoy con un salario superior a 2.3 Salarios m\u00ednimos mensuales vigentes).<\/p>\n\n\n\n<p class=\"has-medium-font-size\">El r\u00e9gimen de transici\u00f3n lo obtendr\u00e1n las mujeres que cuenten con 750 semanas y los hombres que tengan 900 semanas cotizadas, sin importar la edad estas personas continuar\u00e1n siendo beneficiarias del r\u00e9gimen anterior (Ley 100 de 1993).<\/p>\n\n\n\n<p class=\"has-medium-font-size\">Para aumentar la cobertura y la equidad del sistema pensional en la vejez, la nueva ley establece un sistema de pilares:<br><\/p>\n\n\n\n<ul>\n<li class=\"has-medium-font-size\"><strong>Pilar solidario:<\/strong> Lo integran las personas colombianas residentes en el territorio nacional en condici\u00f3n de pobreza extrema, pobreza y vulnerabilidad. Este pilar est\u00e1 dirigido a garantizar una renta b\u00e1sica solidaria para amparar las condiciones m\u00ednimas de subsistencia de los adultos mayores pobres y de hombres mayores de 55 a\u00f1os con discapacidad o mujeres mayores de 50 a\u00f1os que sin ser considerados adultos mayores, poseen una p\u00e9rdida de capacidad laboral igual o superior al 50%.<br><br><\/li>\n\n\n\n<li class=\"has-medium-font-size\"><strong>Pilar Semicontributivo:&nbsp;<\/strong>Est\u00e1 dirigido a las personas afiliadas que a los sesenta y cinco (65) a\u00f1os de edad hombres y sesenta (60) a\u00f1os de edad mujeres no hayan cumplido los requisitos para acceder a una pensi\u00f3n habiendo cotizado al sistema, por lo que podr\u00e1n acceder a un Beneficio Econ\u00f3mico, dentro de este pilar tambi\u00e9n se incluyen las personas que est\u00e9n en el Programa de los Beneficios Econ\u00f3micos Peri\u00f3dicos BEPS, de acuerdo con la reglamentaci\u00f3n que se encuentre vigente.<br><br><\/li>\n\n\n\n<li class=\"has-medium-font-size\"><strong>Pilar Contributivo:<\/strong>&nbsp;cotizan los(as) trabajadores(as) dependientes e independientes, y las personas con capacidad de pago para acceder a una pensi\u00f3n integral de vejez, invalidez o sobrevivientes en el sistema y dem\u00e1s prestaciones establecidas en la presente ley.<br><br>Este pilar lo componen:<br><strong>&#8211; Pilar Contributivo en su Componente de Prima Media:<\/strong>&nbsp;Est\u00e1 integrado por todas las personas afiliadas al sistema y recibir\u00e1 las cotizaciones por parte de los ingresos base de cotizaci\u00f3n entre un (1) SMLMV y hasta dos punto tres (2.3) SMLMV.<br><strong>&#8211; Pilar Contributivo en su Componente Complementario de Ahorro Individual:<\/strong>&nbsp;Est\u00e1 integrado por todas las personas afiliadas al sistema cuyo ingreso sea superior a dos punto tres (2.3) SMLMV y recibir\u00e1 las cotizaciones por la parte del ingreso base de cotizaci\u00f3n que exceda los dos punto tres (2.3) SMLMV y hasta los veinticinco (25) SMLMV, cuyas prestaciones se financian con el monto del ahorro individual alcanzado y sus respectivos rendimientos financieros.<br><br><\/li>\n\n\n\n<li class=\"has-medium-font-size\"><strong>Pilar de Ahorro Voluntario:<\/strong>\u00a0Lo integran las personas que hagan un ahorro voluntario a trav\u00e9s de los mecanismos que existan en el sistema financiero, seg\u00fan el r\u00e9gimen que se establezca, con el fin de complementar el monto de la pensi\u00f3n integral de vejez o para usarlos en un sistema de equivalencias para completar los requisitos m\u00ednimos de semanas para tener derecho a una pensi\u00f3n integral de vejez en el Pilar Contributivo.<\/li>\n<\/ul>\n\n\n\n<div style=\"height:37px\" aria-hidden=\"true\" class=\"wp-block-spacer\"><\/div>\n\n\n\n<p class=\"has-text-align-center has-medium-font-size\"><strong>Cont\u00e1ctanos para analizar tu caso<\/strong><\/p>\n\n\n\n<p class=\"has-text-align-center has-medium-font-size\"><strong>Colombia:<\/strong> +57 301 225 5251<br><strong>USA:<\/strong> +1 305 491 7460<br><strong>Email:<\/strong> Conpension.org@gmail.com<\/p>\n","protected":false},"excerpt":{"rendered":"<p>Antes del 1 de julio de 2025 debemos revisar nuestra historia laboral para determinar si nos cobija la transici\u00f3n prevista en la reforma pensional, es [&hellip;]<\/p>\n","protected":false},"author":1,"featured_media":0,"parent":0,"menu_order":0,"comment_status":"closed","ping_status":"closed","template":"","meta":[],"_links":{"self":[{"href":"https:\/\/conpension.org\/index.php\/wp-json\/wp\/v2\/pages\/877"}],"collection":[{"href":"https:\/\/conpension.org\/index.php\/wp-json\/wp\/v2\/pages"}],"about":[{"href":"https:\/\/conpension.org\/index.php\/wp-json\/wp\/v2\/types\/page"}],"author":[{"embeddable":true,"href":"https:\/\/conpension.org\/index.php\/wp-json\/wp\/v2\/users\/1"}],"replies":[{"embeddable":true,"href":"https:\/\/conpension.org\/index.php\/wp-json\/wp\/v2\/comments?post=877"}],"version-history":[{"count":15,"href":"https:\/\/conpension.org\/index.php\/wp-json\/wp\/v2\/pages\/877\/revisions"}],"predecessor-version":[{"id":901,"href":"https:\/\/conpension.org\/index.php\/wp-json\/wp\/v2\/pages\/877\/revisions\/901"}],"wp:attachment":[{"href":"https:\/\/conpension.org\/index.php\/wp-json\/wp\/v2\/media?parent=877"}],"curies":[{"name":"wp","href":"https:\/\/api.w.org\/{rel}","templated":true}]}}

<p class="has-medium-font-size">Antes del 1 de julio de 2025 debemos revisar nuestra historia laboral para determinar si nos cobija la transición prevista en la reforma pensional, es decir si continuamos cobijados por el régimen establecido en la ley 100 de 1993, que prevé mejores pensiones para los afiliados de altos ingresos en Colpensiones (Quienes cotizan hoy con un salario superior a 2.3 Salarios mínimos mensuales vigentes).</p>



<p class="has-medium-font-size">El régimen de transición lo obtendrán las mujeres que cuenten con 750 semanas y los hombres que tengan 900 semanas cotizadas, sin importar la edad estas personas continuarán siendo beneficiarias del régimen anterior (Ley 100 de 1993).</p>



<p class="has-medium-font-size">Para aumentar la cobertura y la equidad del sistema pensional en la vejez, la nueva ley establece un sistema de pilares:<br></p>



<ul>
<li class="has-medium-font-size"><strong>Pilar solidario:</strong> Lo integran las personas colombianas residentes en el territorio nacional en condición de pobreza extrema, pobreza y vulnerabilidad. Este pilar está dirigido a garantizar una renta básica solidaria para amparar las condiciones mínimas de subsistencia de los adultos mayores pobres y de hombres mayores de 55 años con discapacidad o mujeres mayores de 50 años que sin ser considerados adultos mayores, poseen una pérdida de capacidad laboral igual o superior al 50%.<br><br></li>



<li class="has-medium-font-size"><strong>Pilar Semicontributivo:&nbsp;</strong>Está dirigido a las personas afiliadas que a los sesenta y cinco (65) años de edad hombres y sesenta (60) años de edad mujeres no hayan cumplido los requisitos para acceder a una pensión habiendo cotizado al sistema, por lo que podrán acceder a un Beneficio Económico, dentro de este pilar también se incluyen las personas que estén en el Programa de los Beneficios Económicos Periódicos BEPS, de acuerdo con la reglamentación que se encuentre vigente.<br><br></li>



<li class="has-medium-font-size"><strong>Pilar Contributivo:</strong>&nbsp;cotizan los(as) trabajadores(as) dependientes e independientes, y las personas con capacidad de pago para acceder a una pensión integral de vejez, invalidez o sobrevivientes en el sistema y demás prestaciones establecidas en la presente ley.<br><br>Este pilar lo componen:<br><strong>&#8211; Pilar Contributivo en su Componente de Prima Media:</strong>&nbsp;Está integrado por todas las personas afiliadas al sistema y recibirá las cotizaciones por parte de los ingresos base de cotización entre un (1) SMLMV y hasta dos punto tres (2.3) SMLMV.<br><strong>&#8211; Pilar Contributivo en su Componente Complementario de Ahorro Individual:</strong>&nbsp;Está integrado por todas las personas afiliadas al sistema cuyo ingreso sea superior a dos punto tres (2.3) SMLMV y recibirá las cotizaciones por la parte del ingreso base de cotización que exceda los dos punto tres (2.3) SMLMV y hasta los veinticinco (25) SMLMV, cuyas prestaciones se financian con el monto del ahorro individual alcanzado y sus respectivos rendimientos financieros.<br><br></li>



<li class="has-medium-font-size"><strong>Pilar de Ahorro Voluntario:</strong> Lo integran las personas que hagan un ahorro voluntario a través de los mecanismos que existan en el sistema financiero, según el régimen que se establezca, con el fin de complementar el monto de la pensión integral de vejez o para usarlos en un sistema de equivalencias para completar los requisitos mínimos de semanas para tener derecho a una pensión integral de vejez en el Pilar Contributivo.</li>
</ul>



<div style="height:37px" aria-hidden="true" class="wp-block-spacer"></div>



<p class="has-text-align-center has-medium-font-size"><strong>Contáctanos para analizar tu caso</strong></p>



<p class="has-text-align-center has-medium-font-size"><strong>Colombia:</strong> +57 301 225 5251<br><strong>USA:</strong> +1 305 491 7460<br><strong>Email:</strong> Conpension.org@gmail.com</p>

<p>Antes del 1 de julio de 2025 debemos revisar nuestra historia laboral para determinar si nos cobija la transición prevista en la reforma pensional, es [&hellip;]</p>
