{"id":711,"date":"2023-08-13T22:44:40","date_gmt":"2023-08-14T03:44:40","guid":{"rendered":"https:\/\/conpension.org\/?page_id=711"},"modified":"2023-08-13T22:58:51","modified_gmt":"2023-08-14T03:58:51","slug":"politica-de-uso-de-contenidos","status":"publish","type":"page","link":"https:\/\/conpension.org\/index.php\/politica-de-uso-de-contenidos\/","title":{"rendered":"Pol\u00edtica de uso de contenidos"},"content":{"rendered":"\n<p class=\"has-medium-font-size\">PORTAL DE LA CORPORACI\u00d3N PARA LA DEFENSA DE LOS DERECHOS A LA SEGURIDAD SOCIAL INTEGRAL Y A UNA VEJEZ DIGNA -CONPENSION. El Proceso de tecnolog\u00eda de dise\u00f1o, as\u00ed como cualquier marca y logotipo que aparezca en esta p\u00e1gina son marcas comerciales registradas.<\/p>\n\n\n\n<p>Esta p\u00e1gina Web tiene por objeto facilitar al p\u00fablico en general la informaci\u00f3n relativa a los servicios de PORTAL DE LA CORPORACI\u00d3N PARA LA DEFENSA DE LOS DERECHOS A LA SEGURIDAD SOCIAL INTEGRAL Y A UNA VEJEZ DIGNA -CONPENSION. Le rogamos leer atentamente la siguiente informaci\u00f3n antes de hacer uso de esta p\u00e1gina Web. La utilizaci\u00f3n de esta publicaci\u00f3n digital y su contenido est\u00e1 sujeta a las condiciones de uso y confidencialidad que m\u00e1s adelante se expondr\u00e1n. Los siguientes son los t\u00e9rminos de un acuerdo legal entre quienes ingresen a esta p\u00e1gina y el PORTAL DE LA CORPORACI\u00d3N PARA LA DEFENSA DE LOS DERECHOS A LA SEGURIDAD SOCIAL INTEGRAL Y A UNA VEJEZ DIGNA -CONPENSION. Al acceder, navegar o usar este sitio Web, usted reconoce que ha le\u00eddo, entendido, y se obliga a cumplir con estos t\u00e9rminos y cumplir con todas las leyes y reglamentos aplicables, incluida la exportaci\u00f3n y reexportaci\u00f3n de leyes y reglamentos de control. Si no acepta dichos t\u00e9rminos y condiciones, le rogamos se abstenga de utilizar nuestra p\u00e1gina web y su contenido.<\/p>\n\n\n\n<p>PORTAL DE LA CORPORACI\u00d3N PARA LA DEFENSA DE LOS DERECHOS A LA SEGURIDAD SOCIAL INTEGRAL Y A UNA VEJEZ DIGNA -CONPENSION podr\u00e1, sin previo aviso, en cualquier momento revisar estos T\u00e9rminos de Uso y cualquier otra informaci\u00f3n contenida en este sitio Web mediante la actualizaci\u00f3n de este anuncio. PORTAL DE LA CORPORACI\u00d3N PARA LA DEFENSA DE LOS DERECHOS A LA SEGURIDAD SOCIAL INTEGRAL Y A UNA VEJEZ DIGNA -CONPENSION tambi\u00e9n puede realizar mejoras o cambios en los servicios o programas descritos en este sitio en cualquier momento y sin previo aviso.<\/p>\n\n\n\n<p>Este sitio Web incluye avisos sobre servicios y productos propios e informaci\u00f3n de copyright, cuyos t\u00e9rminos deben observarse y seguirse. Ning\u00fan contenido de este sitio puede ser copiado, reproducido, recopilado, cargado, publicado, transmitido, distribuido, o utilizado para la creaci\u00f3n de servicios derivados de PORTAL DE LA CORPORACI\u00d3N PARA LA DEFENSA DE LOS DERECHOS A LA SEGURIDAD SOCIAL INTEGRAL Y A UNA VEJEZ DIGNA -CONPENSION sin su consentimiento previo por escrito, salvo que PORTAL DE LA CORPORACI\u00d3N PARA LA DEFENSA DE LOS DERECHOS A LA SEGURIDAD SOCIAL INTEGRAL Y A UNA VEJEZ DIGNA -CONPENSION le otorgue su permiso para acceder y visualizar las p\u00e1ginas Web dentro de este sitio, \u00fanicamente en su equipo y para su uso personal y no comercial. Esta autorizaci\u00f3n est\u00e1 condicionada a no modificar el contenido mostrado en este sitio, su mantenimiento intacto, todos los derechos de autor, marcas y otros avisos de propiedad, y su aceptaci\u00f3n de cualquiera de los t\u00e9rminos, condiciones y avisos que acompa\u00f1an al contenido o de otro tipo establecidos en este sitio. No obstante, lo anterior, cualquier material que est\u00e9 disponible para su descarga, el acceso, o cualquier otra utilizaci\u00f3n de este sitio con sus propios t\u00e9rminos de licencia, condiciones y avisos, se rige por dichos t\u00e9rminos, condiciones y avisos.<\/p>\n\n\n\n<p>Los materiales de esta p\u00e1gina Web est\u00e1n protegidos por derechos de autor y cualquier uso no autorizado, as\u00ed como el incumplimiento de los t\u00e9rminos, condiciones o avisos contenidos en ella, pueden violar la normatividad nacional vigente al respecto. La<\/p>\n\n\n\n<p>autorizaci\u00f3n concedida para utilizar esta p\u00e1gina se entender\u00e1 autom\u00e1ticamente terminada en caso de infringir cualquiera de estas condiciones, estando obligado a destruir inmediatamente cualquier material obtenido o impreso de esta p\u00e1gina, sin perjuicio de las acciones judiciales que pueda instaurar PORTAL DE LA CORPORACI\u00d3N PARA LA DEFENSA DE LOS DERECHOS A LA SEGURIDAD SOCIAL INTEGRAL Y A UNA VEJEZ DIGNA -CONPENSION por tal incumplimiento.<\/p>\n\n\n\n<p>PORTAL DE LA CORPORACI\u00d3N PARA LA DEFENSA DE LOS DERECHOS A LA SEGURIDAD SOCIAL INTEGRAL Y A UNA VEJEZ DIGNA -CONPENSION es titular de todos los derechos sobre el software de la p\u00e1gina Web, as\u00ed como de los derechos de propiedad industrial e intelectual referidos a los contenidos que en ella se incluyan, a excepci\u00f3n de los derechos sobre productos y servicios que no son propiedad de esta Compa\u00f1\u00eda, cuyas marcas est\u00e1n registradas a favor de sus respectivos titulares, y como tal son reconocidas por PORTAL DE LA CORPORACI\u00d3N PARA LA DEFENSA DE LOS DERECHOS A LA SEGURIDAD SOCIAL INTEGRAL Y A UNA VEJEZ DIGNA -CONPENSION.<\/p>\n\n\n\n<p>PORTAL DE LA CORPORACI\u00d3N PARA LA DEFENSA DE LOS DERECHOS A LA SEGURIDAD SOCIAL INTEGRAL Y A UNA VEJEZ DIGNA -CONPENSION no concede ninguna licencia o autorizaci\u00f3n de uso de ninguna clase sobre sus derechos de propiedad intelectual, secretos empresariales o sobre cualquier otra propiedad o derecho relacionado con la p\u00e1gina Web y sus contenidos.<\/p>\n\n\n\n<p>Normas de Confidencialidad y Protecci\u00f3n de Datos<\/p>\n\n\n\n<p>Se considera norma de confidencialidad y protecci\u00f3n de datos toda aquella informaci\u00f3n personal que el usuario ingresa libre y voluntariamente al de PORTAL DE LA CORPORACI\u00d3N PARA LA DEFENSA DE LOS DERECHOS A LA SEGURIDAD SOCIAL INTEGRAL Y A UNA VEJEZ DIGNA -CONPENSION. El usuario podr\u00e1 ingresar sus datos personales durante su registro al sitio Web o el uso de formularios contenidos en esta. El usuario puede modificar o actualizar parte de esta informaci\u00f3n en cualquier momento, de esta manera PORTAL DE LA CORPORACI\u00d3N PARA LA DEFENSA DE LOS DERECHOS A LA SEGURIDAD SOCIAL INTEGRAL Y A UNA VEJEZ DIGNA -CONPENSION podr\u00e1 brindarle servicios y contenidos m\u00e1s acordes con su perfil.<\/p>\n\n\n\n<p>PORTAL DE LA CORPORACI\u00d3N PARA LA DEFENSA DE LOS DERECHOS A LA SEGURIDAD SOCIAL INTEGRAL Y A UNA VEJEZ DIGNA -CONPENSION, se ha adoptado una pol\u00edtica de confidencialidad y protecci\u00f3n de datos, con el objeto de proteger la privacidad de la informaci\u00f3n personal obtenida a trav\u00e9s de su Web Site, la cual podr\u00e1 consultar.<\/p>\n\n\n\n<p>As\u00ed mismo, se reserva el derecho de modificar las Normas de Confidencialidad y Protecci\u00f3n de Datos que a continuaci\u00f3n se detallan a fin de adaptarlas a nuevos requerimientos legislativos, jurisprudenciales, t\u00e9cnicos o todos aquellos que le permitan brindar mejores y m\u00e1s oportunos servicios y contenidos informativos, por lo cual se aconseja revisar estas normas peri\u00f3dicamente.<\/p>\n\n\n\n<p>Protecci\u00f3n de la Informaci\u00f3n Personal<\/p>\n\n\n\n<p>La informaci\u00f3n proporcionada por el usuario al registrarse en PORTAL DE LA CORPORACI\u00d3N PARA LA DEFENSA DE LOS DERECHOS A LA SEGURIDAD SOCIAL INTEGRAL Y A UNA VEJEZ DIGNA -CONPENSION, est\u00e1 resguardada tecnol\u00f3gicamente y s\u00f3lo podr\u00e1n acceder a ella, el mismo usuario en los casos en que el usuario lo requiera, los integrantes del \u00e1rea designada a esta tarea.<\/p>\n\n\n\n<p>Para disminuir los riesgos PORTAL DE LA CORPORACI\u00d3N PARA LA DEFENSA DE LOS DERECHOS A LA SEGURIDAD SOCIAL INTEGRAL Y A UNA VEJEZ DIGNA -CONPENSION recomienda al usuario cerrar la ventana de su navegador cuando finalice su actividad, m\u00e1s a\u00fan si comparte su computadora con alguien o utiliza una computadora en un lugar p\u00fablico como una biblioteca o un caf\u00e9 Internet.<\/p>\n\n\n\n<p>Si bien PORTAL DE LA CORPORACI\u00d3N PARA LA DEFENSA DE LOS DERECHOS A LA SEGURIDAD SOCIAL INTEGRAL Y A UNA VEJEZ DIGNA -CONPENSION posee un sistema de protecci\u00f3n tecnol\u00f3gico que va desde sus servidores hasta la salida a Internet, ninguna transmisi\u00f3n por Internet puede garantizar su seguridad al 100%. PORTAL DE LA CORPORACI\u00d3N PARA LA DEFENSA DE LOS DERECHOS A LA SEGURIDAD SOCIAL INTEGRAL Y A UNA VEJEZ DIGNA -CONPENSION no puede garantizar que la informaci\u00f3n ingresada a su sitio web o transmitida utilizando su servicio sea completamente segura, con lo cual el usuario corre su propio riesgo.<\/p>\n\n\n\n<p>Confidencialidad de la Informaci\u00f3n<\/p>\n\n\n\n<p>PORTAL DE LA CORPORACI\u00d3N PARA LA DEFENSA DE LOS DERECHOS A LA SEGURIDAD SOCIAL INTEGRAL Y A UNA VEJEZ DIGNA -CONPENSION no compartir\u00e1 ni revelar\u00e1 la informaci\u00f3n confidencial con terceros, excepto que tenga expresa autorizaci\u00f3n de quienes se suscribieron, o cuando ha sido requerido por orden judicial o legal, o para proteger los derechos de propiedad intelectual u otros derechos de PORTAL DE LA CORPORACI\u00d3N PARA LA DEFENSA DE LOS DERECHOS A LA SEGURIDAD SOCIAL INTEGRAL Y A UNA VEJEZ DIGNA -CONPENSION.<\/p>\n\n\n\n<p>Aceptaci\u00f3n de los t\u00e9rminos<\/p>\n\n\n\n<p>Esta declaraci\u00f3n de Confidencialidad y Protecci\u00f3n de Datos est\u00e1 sujeta a los t\u00e9rminos y condiciones de PORTAL DE LA CORPORACI\u00d3N PARA LA DEFENSA DE LOS DERECHOS A LA SEGURIDAD SOCIAL INTEGRAL Y A UNA VEJEZ DIGNA -CONPENSION, con lo cual constituye un acuerdo legal entre el usuario e PORTAL DE LA CORPORACI\u00d3N PARA LA DEFENSA DE LOS DERECHOS A LA SEGURIDAD SOCIAL INTEGRAL Y A UNA VEJEZ DIGNA -CONPENSION. Si el usuario utiliza los servicios de PORTAL DE LA CORPORACI\u00d3N PARA LA DEFENSA DE LOS DERECHOS A LA SEGURIDAD SOCIAL INTEGRAL Y A UNA VEJEZ DIGNA -CONPENSION, significa que ha le\u00eddo, entendido y aceptado los t\u00e9rminos antes expuestos. Si no est\u00e1 de acuerdo con ellos, tiene la opci\u00f3n de no proporcionar ninguna informaci\u00f3n personal, o no utilizar el servicio de PORTAL DE LA CORPORACI\u00d3N PARA LA DEFENSA DE LOS DERECHOS A LA SEGURIDAD SOCIAL INTEGRAL Y A UNA VEJEZ DIGNA -CONPENSION.<\/p>\n","protected":false},"excerpt":{"rendered":"<p>PORTAL DE LA CORPORACI\u00d3N PARA LA DEFENSA DE LOS DERECHOS A LA SEGURIDAD SOCIAL INTEGRAL Y A UNA VEJEZ DIGNA -CONPENSION. El Proceso de tecnolog\u00eda [&hellip;]<\/p>\n","protected":false},"author":1,"featured_media":0,"parent":0,"menu_order":0,"comment_status":"closed","ping_status":"closed","template":"","meta":[],"_links":{"self":[{"href":"https:\/\/conpension.org\/index.php\/wp-json\/wp\/v2\/pages\/711"}],"collection":[{"href":"https:\/\/conpension.org\/index.php\/wp-json\/wp\/v2\/pages"}],"about":[{"href":"https:\/\/conpension.org\/index.php\/wp-json\/wp\/v2\/types\/page"}],"author":[{"embeddable":true,"href":"https:\/\/conpension.org\/index.php\/wp-json\/wp\/v2\/users\/1"}],"replies":[{"embeddable":true,"href":"https:\/\/conpension.org\/index.php\/wp-json\/wp\/v2\/comments?post=711"}],"version-history":[{"count":2,"href":"https:\/\/conpension.org\/index.php\/wp-json\/wp\/v2\/pages\/711\/revisions"}],"predecessor-version":[{"id":713,"href":"https:\/\/conpension.org\/index.php\/wp-json\/wp\/v2\/pages\/711\/revisions\/713"}],"wp:attachment":[{"href":"https:\/\/conpension.org\/index.php\/wp-json\/wp\/v2\/media?parent=711"}],"curies":[{"name":"wp","href":"https:\/\/api.w.org\/{rel}","templated":true}]}}