{"id":64,"date":"2018-06-03T07:51:20","date_gmt":"2018-06-03T12:51:20","guid":{"rendered":"http:\/\/demo.sharkthemes.com\/corporate-blue\/?page_id=64"},"modified":"2023-07-19T13:05:46","modified_gmt":"2023-07-19T18:05:46","slug":"primero-los-derechos-de-las-personas","status":"publish","type":"page","link":"https:\/\/conpension.org\/index.php\/primero-los-derechos-de-las-personas\/","title":{"rendered":"Primero los derechos de las personas basados en el conocimiento de sus deberes"},"content":{"rendered":"\n<p class=\"has-medium-font-size\">Para que una persona pueda defender efectivamente sus derechos es necesario que los conozca a profundidad y sobre todo haya cumplido a cabalidad con sus deberes. Por eso no centramos en la promoci\u00f3n de los derechos a la seguridad social y a una vejez digna a partir de su divulgaci\u00f3n, de la toma de decisiones efectivas por parte de las personas respecto del cumplimiento de los deberes que tiene consigo mismo y con sus familias, para que a partir de ah\u00ed centrar nuestros esfuerzos en defender y hacer respetar los beneficios a que tienen derecho las personas. Por ejemplo, alguien que no cotiz\u00f3 para una pensi\u00f3n de vejez mal podr\u00eda pensar o reclamar el derecho a la misma, para tener sus ingresos en esa \u00e9poca de la vida debemos orientar a la persona a otras alternativas que brinda el sistema pensional o el Estado.<\/p>\n","protected":false},"excerpt":{"rendered":"<p>Para que una persona pueda defender efectivamente sus derechos es necesario que los conozca a profundidad y sobre todo haya cumplido a cabalidad con sus [&hellip;]<\/p>\n","protected":false},"author":1,"featured_media":361,"parent":0,"menu_order":0,"comment_status":"closed","ping_status":"closed","template":"","meta":[],"_links":{"self":[{"href":"https:\/\/conpension.org\/index.php\/wp-json\/wp\/v2\/pages\/64"}],"collection":[{"href":"https:\/\/conpension.org\/index.php\/wp-json\/wp\/v2\/pages"}],"about":[{"href":"https:\/\/conpension.org\/index.php\/wp-json\/wp\/v2\/types\/page"}],"author":[{"embeddable":true,"href":"https:\/\/conpension.org\/index.php\/wp-json\/wp\/v2\/users\/1"}],"replies":[{"embeddable":true,"href":"https:\/\/conpension.org\/index.php\/wp-json\/wp\/v2\/comments?post=64"}],"version-history":[{"count":2,"href":"https:\/\/conpension.org\/index.php\/wp-json\/wp\/v2\/pages\/64\/revisions"}],"predecessor-version":[{"id":471,"href":"https:\/\/conpension.org\/index.php\/wp-json\/wp\/v2\/pages\/64\/revisions\/471"}],"wp:featuredmedia":[{"embeddable":true,"href":"https:\/\/conpension.org\/index.php\/wp-json\/wp\/v2\/media\/361"}],"wp:attachment":[{"href":"https:\/\/conpension.org\/index.php\/wp-json\/wp\/v2\/media?parent=64"}],"curies":[{"name":"wp","href":"https:\/\/api.w.org\/{rel}","templated":true}]}}