{"id":577,"date":"2023-07-23T23:19:48","date_gmt":"2023-07-24T04:19:48","guid":{"rendered":"https:\/\/conpension.org\/?page_id=577"},"modified":"2023-08-30T18:04:08","modified_gmt":"2023-08-30T23:04:08","slug":"planeacion-tributaria-e-inversiones","status":"publish","type":"page","link":"https:\/\/conpension.org\/index.php\/planeacion-tributaria-e-inversiones\/","title":{"rendered":"Planeaci\u00f3n tributaria e inversiones"},"content":{"rendered":"\n<p class=\"has-medium-font-size\">Brindamos asesor\u00eda sobre las posibilidades de inversi\u00f3n en activos financieros y fijos debidamente regulados en el pa\u00eds para construir un ingreso parcial, total o conjunto con una pensi\u00f3n que mantenga su poder adquisitivo en el momento de la jubilaci\u00f3n. As\u00ed mismo se integran las ventajas tributarias que generan las cotizaciones a la seguridad social, los seguros pensionales y la adquisici\u00f3n de vivienda, para aprovechar los ahorros en el impuesto de renta que generan estas alternativas de inversi\u00f3n.<\/p>\n","protected":false},"excerpt":{"rendered":"<p>Brindamos asesor\u00eda sobre las posibilidades de inversi\u00f3n en activos financieros y fijos debidamente regulados en el pa\u00eds para construir un ingreso parcial, total o conjunto [&hellip;]<\/p>\n","protected":false},"author":1,"featured_media":576,"parent":0,"menu_order":0,"comment_status":"closed","ping_status":"closed","template":"","meta":[],"_links":{"self":[{"href":"https:\/\/conpension.org\/index.php\/wp-json\/wp\/v2\/pages\/577"}],"collection":[{"href":"https:\/\/conpension.org\/index.php\/wp-json\/wp\/v2\/pages"}],"about":[{"href":"https:\/\/conpension.org\/index.php\/wp-json\/wp\/v2\/types\/page"}],"author":[{"embeddable":true,"href":"https:\/\/conpension.org\/index.php\/wp-json\/wp\/v2\/users\/1"}],"replies":[{"embeddable":true,"href":"https:\/\/conpension.org\/index.php\/wp-json\/wp\/v2\/comments?post=577"}],"version-history":[{"count":2,"href":"https:\/\/conpension.org\/index.php\/wp-json\/wp\/v2\/pages\/577\/revisions"}],"predecessor-version":[{"id":802,"href":"https:\/\/conpension.org\/index.php\/wp-json\/wp\/v2\/pages\/577\/revisions\/802"}],"wp:featuredmedia":[{"embeddable":true,"href":"https:\/\/conpension.org\/index.php\/wp-json\/wp\/v2\/media\/576"}],"wp:attachment":[{"href":"https:\/\/conpension.org\/index.php\/wp-json\/wp\/v2\/media?parent=577"}],"curies":[{"name":"wp","href":"https:\/\/api.w.org\/{rel}","templated":true}]}}