{"id":525,"date":"2023-07-23T22:08:48","date_gmt":"2023-07-24T03:08:48","guid":{"rendered":"https:\/\/conpension.org\/?page_id=525"},"modified":"2023-08-02T08:39:12","modified_gmt":"2023-08-02T13:39:12","slug":"conozco-que-es-el-convenio-102-de-la-oit","status":"publish","type":"page","link":"https:\/\/conpension.org\/index.php\/conozco-que-es-el-convenio-102-de-la-oit\/","title":{"rendered":"Conozco que es el convenio 102 de la OIT sobre la seguridad social"},"content":{"rendered":"\n<p class=\"has-medium-font-size\">Conozco que es el convenio 102 de la Organizaci\u00f3n Internacional del Trabajo (OIT) sobre la seguridad social m\u00ednima. A pesar de que Colombia no ha ratificado este convenio el marco constitucional y legal prev\u00e9 la mayor\u00eda de estos beneficios y derechos para las personas.<\/p>\n\n\n\n<p class=\"has-medium-font-size\">Este convenio data de 1952 y es un instrumento internacional basado en los principios fundamentales de la seguridad social como son la solidaridad y la universalidad, estableciendo normas m\u00ednimas aceptadas a nivel mundial para amparar a las personas:<\/p>\n\n\n\n<ul class=\"has-medium-font-size\">\n<li>Asistencia m\u00e9dica<\/li>\n\n\n\n<li>Prestaciones monetarias por enfermedad<\/li>\n\n\n\n<li>Prestaciones por desempleo<\/li>\n\n\n\n<li>Prestaciones de vejez<\/li>\n\n\n\n<li>Prestaciones en casos de accidentes del trabajo y enfermedad profesional<\/li>\n\n\n\n<li>Prestaciones familiares (Subsidio familiar)<\/li>\n\n\n\n<li>Prestaciones de maternidad<\/li>\n\n\n\n<li>Prestaciones de invalidez<\/li>\n\n\n\n<li>Prestaciones de sobrevivientes<\/li>\n<\/ul>\n","protected":false},"excerpt":{"rendered":"<p>Conozco que es el convenio 102 de la Organizaci\u00f3n Internacional del Trabajo (OIT) sobre la seguridad social m\u00ednima. A pesar de que Colombia no ha [&hellip;]<\/p>\n","protected":false},"author":1,"featured_media":523,"parent":0,"menu_order":0,"comment_status":"closed","ping_status":"closed","template":"","meta":[],"_links":{"self":[{"href":"https:\/\/conpension.org\/index.php\/wp-json\/wp\/v2\/pages\/525"}],"collection":[{"href":"https:\/\/conpension.org\/index.php\/wp-json\/wp\/v2\/pages"}],"about":[{"href":"https:\/\/conpension.org\/index.php\/wp-json\/wp\/v2\/types\/page"}],"author":[{"embeddable":true,"href":"https:\/\/conpension.org\/index.php\/wp-json\/wp\/v2\/users\/1"}],"replies":[{"embeddable":true,"href":"https:\/\/conpension.org\/index.php\/wp-json\/wp\/v2\/comments?post=525"}],"version-history":[{"count":3,"href":"https:\/\/conpension.org\/index.php\/wp-json\/wp\/v2\/pages\/525\/revisions"}],"predecessor-version":[{"id":639,"href":"https:\/\/conpension.org\/index.php\/wp-json\/wp\/v2\/pages\/525\/revisions\/639"}],"wp:featuredmedia":[{"embeddable":true,"href":"https:\/\/conpension.org\/index.php\/wp-json\/wp\/v2\/media\/523"}],"wp:attachment":[{"href":"https:\/\/conpension.org\/index.php\/wp-json\/wp\/v2\/media?parent=525"}],"curies":[{"name":"wp","href":"https:\/\/api.w.org\/{rel}","templated":true}]}}